 factor of f and k?
5
Let j = -989 - -1497. Suppose s = -1, -5*x + 169 = 3*s - j. What is the greatest common divisor of 17 and x?
17
Let c(d) = d**2 + 12*d + 15. Let f be c(-11). Suppose 18 = -y + f*a, 4*a - 14 = -3*y + 6*y. Calculate the greatest common divisor of y and 16.
2
Suppose 6*u - u - 200 = 0. Let d = -4 - -12. What is the greatest common factor of d and u?
8
Let y = -99 + 101. What is the highest common divisor of y and 26?
2
Let c be (-17*2*1)/(-2). Let f = c - 12. Suppose 33 = -48*o + 513. Calculate the greatest common factor of o and f.
5
Suppose 38 = 2*j + 6. Suppose -4*x = -4*y, 0 = 6*y - 11*y + x + j. Let z be y/18 + (-97)/(-9). What is the highest common divisor of z and 55?
11
Let v = 0 + -6. Let n = v + 33. What is the highest common factor of n and 18?
9
Let s = 84 - 49. Let o be (-2)/(-6) - 60/(-9). Suppose 0*u - o = -u. Calculate the greatest common factor of u and s.
7
Let x be 32/6*36/16. Let l = 17 - 5. What is the highest common divisor of x and l?
12
Let m = -5 + 13. Calculate the highest common divisor of 1 and m.
1
Let g = 2 + -6. Let x = g - -4. Let q(w) = w + 2. Let n be q(x). Calculate the greatest common factor of n and 3.
1
Let v be 786/12 + (-1)/2. Calculate the greatest common divisor of v and 26.
13
Let t be -2*(21/(-6) + 0 + 3). What is the highest common factor of 4 and t?
1
Suppose -4*h + 17 = -2*b + 7*b, -2*h = 2*b - 6. Let z be 2 + (2 - (1 - -2)). Let j be (z/(-2))/(h/20). Calculate the highest common factor of j and 10.
5
Let n be 13/(-4) + 9/(-12). Let d(t) be the third derivative of -t**4/12 - t**3/3 + 2*t**2. Let x be d(n). What is the greatest common divisor of x and 9?
3
Let o = 64 - 29. What is the highest common factor of o and 14?
7
Let d be 7*(-2)/(4 + -2). Let x = d - -12. Suppose -2*h = x*v - 544, -3*v + 0*h + 316 = -4*h. What is the greatest common divisor of v and 12?
12
Let m be (-1)/((-1)/14) + 0. Let v(c) = 34*c + 10. Let w be v(3). What is the highest common factor of m and w?
14
Let h be 2 + 15 + -2 + 0. Calculate the highest common factor of 120 and h.
15
Let m be -27*((-84)/9 - -4). Calculate the highest common factor of m and 16.
16
Let r be 3094/85 + (-2)/5. What is the highest common divisor of 18 and r?
18
Suppose 5 = 3*x + 2. Suppose k - x - 1 = 0, 0 = d - 2*k - 8. Let w = -5 + d. Calculate the highest common divisor of 7 and w.
7
Let d(i) = 14*i**2 + i + 3. Let s be d(-2). Suppose 0 = 2*z + z - 57. Calculate the greatest common factor of z and s.
19
Suppose c - 40 = -4*c. Let q(a) = -9*a - 2. Let t(b) = -9*b - 2. Let x(z) = 2*q(z) - 3*t(z). Let r be x(2). Calculate the greatest common divisor of c and r.
4
Suppose -119 + 23 = -3*v. Let d = -26 + v. Calculate the highest common factor of d and 6.
6
Let k = 23 - 2. Suppose 4 = l - 1. Suppose -l*g + 2*g = -k. What is the highest common factor of 21 and g?
7
Suppose -36 = -4*w + t - 5*t, 3*w - 25 = -2*t. Let d(q) = q - 9. Let o be d(w). Let f be (2 - -9) + (-2 - o). Calculate the greatest common divisor of 55 and f.
11
Let r(f) = -f**2 - 23*f + 20. Let a be r(-22). What is the greatest common factor of 56 and a?
14
Let u be (1/2)/(3/(-120)). Let d be u*((-27)/(-6))/(-3). What is the highest common factor of 15 and d?
15
Let f(v) = -v**3 - 3*v**2 - 4*v - 3. Let y(r) = r**3 + 5*r**2 - 7*r - 8. Let g be y(-6). Let d be f(g). Calculate the highest common factor of 4 and d.
1
Let c(g) = -7*g**3 - 2*g - 1. Let b be c(-1). What is the greatest common divisor of b and 72?
8
Suppose 2*c - 14 = 2*n, 3*n = -3*c + n + 6. Calculate the highest common factor of 12 and c.
4
Let v be (2/(-8))/(3/(-36)). Suppose 4*j + 20 = 0, x - 545 = -3*x - v*j. Calculate the highest common factor of x and 14.
14
Suppose -2*v = 2*x - 4, 2*v - 3*v = -1. Suppose -3*u - x = -13. What is the greatest common divisor of 20 and u?
4
Let u be -2 + (-18)/(-7) - 2760/(-70). Calculate the highest common divisor of u and 320.
40
Let g be 1 + (-1 - -3) - -12. Calculate the greatest common factor of g and 60.
15
Suppose -s = -6 - 10. Let c(g) = -3*g + 9. Let m be c(-5). What is the highest common factor of m and s?
8
Let a = -22 - -47. Let y(i) = 2*i - 7. Let x be y(6). Calculate the highest common divisor of a and x.
5
Suppose 0 = -t - 3*t. Suppose d + t*d = 4. Suppose 44 + 52 = d*s. What is the highest common divisor of 3 and s?
3
Let k be (9 + -3)/3 - -3. Suppose -k*w = 2 - 12. What is the greatest common divisor of w and 1?
1
Let x(l) = l - 3. Let m be x(5). Let f(p) = -2 + p - 1 - m*p. Let b be f(-7). What is the highest common divisor of b and 10?
2
Suppose -4*y - 4*z + 329 = z, -3*z = 3*y - 246. Suppose y + 259 = 4*p. Calculate the greatest common factor of 34 and p.
17
Let y be 33/(-11)*11/(-3). Calculate the greatest common divisor of y and 44.
11
Let v be (-4)/6*(-40 - -1). Calculate the highest common divisor of v and 13.
13
Let j be (1 + 2)/((-10)/(-170)). Calculate the highest common divisor of 68 and j.
17
Let l(f) = 32*f - 2. Let t be l(4). What is the highest common factor of t and 14?
14
Suppose -4*w - g + 2*g = -7, 0 = 2*w + g - 5. Suppose 5*h + 25 = 0, w*c + 0*h = -2*h + 118. Calculate the greatest common divisor of 160 and c.
32
Let o be (-2)/1*1*-4. Suppose 5*s = 72 + 48. Calculate the highest common factor of s and o.
8
Suppose 13*x - 139 - 147 = 0. What is the greatest common factor of x and 11?
11
Suppose 6 = t + 5*d, -2*d - 8 + 20 = 2*t. Let c(f) = 48*f. Let r be c(1). Suppose 2*x = -2*x + r. What is the highest common factor of t and x?
6
Suppose v = -4*d + 9 - 2, 2*v + 3*d - 14 = 0. What is the highest common divisor of 63 and v?
7
Suppose 3*j - 13 = 44. What is the highest common factor of 133 and j?
19
Let t be 63/(-14) - -3 - 94/(-4). What is the greatest common factor of t and 2?
2
Let r = -51 - -59. Calculate the highest common divisor of 24 and r.
8
Suppose -l - 3*l + 104 = 0. Suppose 2*i - 118 - l = 0. Calculate the highest common factor of 9 and i.
9
Let p(a) = -7*a + 0*a**2 - a**2 + 5 - 5. Let y be p(-5). What is the highest common factor of 4 and y?
2
Let l be 2/(-4)*0 - 1. Let x(z) = 116*z**2 - z. Let c be x(l). Let p = -10 - -23. Calculate the greatest common divisor of c and p.
13
Suppose 5*i - 4*t = -0*t + 55, 0 = -i - 4*t - 13. Suppose s + 4*s - 25 = 0. Suppose 5 = -s*z + 110. Calculate the greatest common factor of i and z.
7
Suppose 5*l - u - 599 = 0, 0*u + 4*u = 4. What is the highest common divisor of l and 6?
6
Suppose 0*n + 2*n - 6 = 0, m - 31 = -n. Suppose -2*y + m = 2*y. Calculate the greatest common factor of y and 77.
7
Let l(v) = -2*v - 5. Let d(x) = x + 2*x - 9 - 4*x. Let y be d(-4). Let k be l(y). What is the highest common factor of k and 2?
1
Let l(s) = 3*s**3 + 2*s**2 - 1. Let g be l(1). What is the greatest common divisor of 8 and g?
4
Let x = -294 - -414. Calculate the highest common factor of 30 and x.
30
Suppose -7*w = -11*w. Suppose w*z - 4*z = 5*h - 60, -5*z - 5*h + 75 = 0. What is the highest common factor of 75 and z?
15
Let t be 75/(-175) - ((-647)/7 + 2). What is the greatest common factor of t and 18?
18
Suppose 3*w - 41 = -d - 8, -4 = -w. Suppose 5*h = -3*l + 9, -2*h = -4*h. Let t = 6 - l. What is the greatest common factor of t and d?
3
Let y = -73 - -95. Calculate the highest common factor of 88 and y.
22
Let c be 44/12 + (-2)/(-6). Let x be 2/(-4) + 62/c. Let p be ((-6)/4)/(x/(-140)). Calculate the greatest common divisor of p and 35.
7
Let n(a) = -a**2 + 13*a - 21. Let k be n(9). Calculate the highest common divisor of k and 60.
15
Let m(b) = -b**2 - 14*b - 10. Let y be m(-7). What is the highest common factor of 52 and y?
13
Let c = 70 - 25. Calculate the highest common divisor of 5 and c.
5
Let i(g) = -11*g + 17. Let o be i(-8). What is the greatest common factor of o and 15?
15
Let t(z) = z + 6. Let j be t(-6). Let b be -4 + 3 + j + 22. What is the highest common divisor of b and 21?
21
Suppose 0*h - 3*h = -54. What is the greatest common divisor of h and 6?
6
Let n(o) = -o**3 - 14*o**2 - 15*o - 14. Let b be n(-13). What is the greatest common factor of 12 and b?
12
Let c be 66/(-4)*(-4)/3. Let m be (-12)/(-6) - (-3)/1. Let s = -3 + m. Calculate the highest common divisor of c and s.
2
Let o(m) = -23*m - 12. Let k be o(-1). What is the greatest common factor of 11 and k?
11
Let a = 25 - -4. W